ate the greatest common divisor of 39285720 and 530.
530
What is the greatest common divisor of 6701373 and 1863?
81
What is the highest common factor of 19064132 and 31?
31
Calculate the greatest common factor of 322815 and 120.
15
Calculate the highest common factor of 164518299 and 603.
603
What is the highest common factor of 430977 and 2793?
57
What is the highest common divisor of 22 and 454937846?
22
Calculate the greatest common factor of 16570426 and 812.
58
Calculate the highest common factor of 2160 and 23253840.
720
What is the highest common factor of 295612 and 40502?
526
Calculate the greatest common divisor of 66 and 72480111.
33
What is the greatest common factor of 3441 and 152466122?
1147
What is the highest common divisor of 7989322 and 11?
11
Calculate the greatest common divisor of 971927 and 13691777.
6523
Calculate the greatest common divisor of 57934 and 4814.
166
Calculate the greatest common factor of 2203136 and 481.
13
What is the greatest common divisor of 1554 and 713397?
111
What is the greatest common factor of 1288 and 80005569?
161
What is the greatest common factor of 52507 and 17654?
91
What is the highest common factor of 236304 and 10404?
36
What is the highest common divisor of 654789 and 919203?
1041
Calculate the highest common divisor of 80 and 6457310.
10
Calculate the greatest common divisor of 1413 and 167519.
157
Calculate the greatest common divisor of 10983706 and 17486.
2498
Calculate the highest common factor of 35606 and 13528.
38
Calculate the greatest common factor of 3428 and 103724.
4
Calculate the highest common factor of 22198 and 7876254.
2018
What is the highest common factor of 2158 and 44841746?
166
Calculate the highest common factor of 81632304 and 72.
72
What is the greatest common divisor of 2471 and 5892220579?
2471
What is the greatest common factor of 2249172 and 16182?
18
What is the greatest common divisor of 8974275 and 60?
15
Calculate the greatest common divisor of 222390 and 4994010.
630
What is the highest common factor of 35735560 and 294?
14
What is the greatest common divisor of 26260 and 150735?
65
Calculate the greatest common factor of 64 and 1604406.
2
What is the greatest common divisor of 7761 and 12881469?
597
What is the highest common factor of 26307 and 365301?
333
Calculate the highest common divisor of 63020 and 18538.
46
What is the greatest common factor of 13013364 and 60987?
2103
Calculate the greatest common divisor of 20 and 20716212.
4
What is the highest common factor of 578325 and 6825?
75
What is the highest common factor of 486699 and 15423?
159
What is the greatest common divisor of 6464 and 1420352?
64
What is the greatest common factor of 219472 and 6408072?
2552
What is the greatest common factor of 126148 and 1277584?
2684
Calculate the greatest common factor of 3126630 and 135.
15
Calculate the greatest common divisor of 43702164 and 77.
11
What is the greatest common divisor of 132455058 and 5202?
1734
What is the highest common divisor of 1652848 and 64?
16
Calculate the highest common divisor of 624682 and 418.
38
What is the highest common factor of 1707309 and 5337?
9
What is the greatest common factor of 100080 and 19599?
417
Calculate the greatest common factor of 15400 and 152.
8
What is the greatest common factor of 38 and 12428033?
19
What is the greatest common factor of 42541477 and 1353?
451
Calculate the highest common divisor of 753331 and 62.
31
Calculate the greatest common divisor of 10125 and 2703000.
375
Calculate the highest common factor of 5092626 and 30954.
462
Calculate the highest common divisor of 922234170 and 66.
66
Calculate the highest common factor of 7505957 and 53743.
223
What is the highest common factor of 4 and 209783908?
4
What is the greatest common factor of 36407944 and 6?
2
What is the greatest common divisor of 336164290 and 560?
70
Calculate the greatest common divisor of 23732607 and 3882.
1941
Calculate the highest common factor of 151843461 and 21406.
10703
What is the greatest common divisor of 179593615 and 2140?
535
Calculate the highest common factor of 33114194 and 2984.
746
What is the highest common factor of 9469201 and 1127?
49
What is the highest common factor of 1983510 and 990?
90
What is the highest common divisor of 945 and 6630795?
135
What is the highest common factor of 296290619 and 1143?
127
What is the greatest common factor of 20215202 and 42?
14
What is the greatest common factor of 33956202 and 126?
42
What is the highest common divisor of 2928 and 37120208?
976
Calculate the greatest common factor of 160401 and 59817.
381
What is the greatest common factor of 292 and 1685331436?
292
What is the greatest common divisor of 254 and 124808234?
254
Calculate the highest common factor of 9791112 and 6432.
1608
Calculate the highest common divisor of 339189914 and 14.
14
What is the highest common factor of 15934 and 22689502?
514
Calculate the highest common factor of 6878976 and 53.
53
What is the greatest common divisor of 840865 and 344?
43
Calculate the highest common divisor of 1834 and 157868362.
262
Calculate the greatest common factor of 227069 and 1812778.
629
Calculate the highest common factor of 29955434 and 9976.
2494
Calculate the greatest common factor of 1377 and 553401.
153
What is the highest common factor of 2 and 27508106?
2
What is the highest common divisor of 18 and 97163982?
18
Calculate the highest common factor of 488102 and 15478.
218
What is the highest common divisor of 122311 and 1137129?
1211
What is the highest common factor of 225 and 905652?
9
Calculate the highest common factor of 10741174 and 9583.
1369
Calculate the highest common factor of 50556 and 78804.
132
Calculate the highest common factor of 64448 and 5018464.
1696
Calculate the greatest common divisor of 745777 and 13601.
67
Calculate the highest common divisor of 142 and 29156.
2
What is the greatest common factor of 10 and 484001?
1
What is the greatest common divisor of 14256 and 17037?
27
What is the greatest common factor of 46706907 and 915?
183
What is the highest common factor of 167790 and 742?
14
Calculate the highest common factor of 3891623 and 391.
391
What is the greatest common factor of 4758781 and 268050?
1787
What is the greatest common divisor of 1003 and 11477329?
1003
Calculate the greatest common factor of 520194 and 882797.
479
Calculate the highest common divisor of 4531503 and 33.
3
What is the highest common factor of 26 and 7779473?
13
What is the greatest common factor of 1343920 and 4699440?
8560
What is the highest common divisor of 39510504 and 11880?
2376
What is the highest common divisor of 2668 and 20959716?
92
What is the highest common factor of 40 and 47145740?
20
Calculate the highest common divisor of 936 and 211238248.
104
Calculate the greatest common factor of 539132 and 605.
11
What is the highest common divisor of 47169952 and 544?
32
Calculate the greatest common factor of 160173554 and 348.
58
What is the greatest common factor of 1152 and 2548611?
9
Calculate the greatest common factor of 1607837237 and 7922.
3961
Calculate the greatest common factor of 122918526 and 108.
54
What is the highest common divisor of 421201 and 11858?
121
Calculate the highest common divisor of 51787022 and 8335.
1667
What is the highest common divisor of 7381927 and 578?
289
Calculate the greatest common divisor of 12630 and 114304026.
2526
What is the highest common divisor of 64026080 and 544?
544
What is the greatest common factor of 5910784 and 11264?
2816
What is the highest common factor of 10002948 and 824?
412
What is the highest common divisor of 9980296 and 91399?
1187
What is the greatest common divisor of 13643641 and 529474?
6457
What is the greatest common divisor of 5525 and 211678883?
221
Calculate the highest common factor of 411796 and 18319.
7
What is the highest common factor of 1826 and 41828182?
1826
What is the greatest common factor of 1001971 and 4633?
113
What is the greatest common factor of 34166611 and 29?
29
What is the highest common factor of 1353 and 24438?
3
What is the highest common divisor of 266832 and 115200?
144
Calculate the highest common factor of 2283325 and 306350.
275
Calculate the greatest common divi